 is the units digit of m?
7
Suppose 2*h + 5*b = 1828, 4*h + 928 = 5*h - b. Let n be -1*2 - h/(-7). Suppose 6*l = l + n. What is the units digit of l?
6
Let i = -4 + 4. Suppose 2*z = -i*z + 106. What is the units digit of z?
3
Let b = 31 - 31. Suppose b = 5*c + 196 - 961. What is the hundreds digit of c?
1
Suppose -d = -2*d + 3, 5*k + d - 38 = 0. Suppose -2*m - 1140 = -k*m. What is the units digit of m?
8
Let v(w) = w + 6. Let h be v(0). What is the hundreds digit of ((-3)/h - 20/8)*-55?
1
Suppose 4*h = 6*h + v - 260, -3*h + 4*v = -379. Suppose 2*y + 4*j - 218 = 0, 4*y = 3*j + h + 362. What is the tens digit of y?
1
Suppose 5*i + 2*p - 250 - 101 = 0, 4*p + 363 = 5*i. What is the units digit of i?
1
Let s(u) = -9*u + 334. What is the units digit of s(34)?
8
Let a be (-12)/(4 + (-220)/54). Let o be a/39 + (-4)/26. Suppose -2*l - 6*n + 182 = -2*n, 2*n = o*l - 314. What is the units digit of l?
1
Suppose -18590 - 39622 = -44*u. What is the hundreds digit of u?
3
Suppose 5*b + 2*g - 1290 = 0, b - 212 = 4*g + 24. Suppose 0 = 5*l + 3*l - b. What is the units digit of l?
2
Let n(h) = 2*h**2 - 2*h - 2. Let y be n(4). Let j = -23 + 52. Let l = j - y. What is the units digit of l?
7
Suppose 4*y + 68 = 6*y. Let o = -16 + y. What is the units digit of o?
8
Let o(p) be the third derivative of -2*p**4 - 17*p**3/6 + 13*p**2 - p. What is the tens digit of o(-2)?
7
Let g = -28 + 18. Let t be ((-8)/g)/(10/325). Suppose p + p = t. What is the units digit of p?
3
Let x = 4868 + -3265. What is the hundreds digit of x?
6
Let r be 7 - 4 - (-4)/1. Let z = -8 + r. What is the units digit of 2 - -16 - (0 + z)?
9
Let q be 12 - (-4)/16*-4. Suppose -q*i - i = -2016. What is the units digit of i?
8
Let u(x) = 984*x - 1. What is the hundreds digit of u(1)?
9
Let a(v) = 2*v**2 + 55*v - 6. What is the units digit of a(-45)?
9
Suppose -14 + 6 = -4*c. Let l be c*(84/8)/(-7). What is the units digit of (l - -2) + (15 - -1)?
5
Let z(n) = 3*n**2 + 9*n - 14. What is the hundreds digit of z(7)?
1
Suppose -3*g = -124 - 1091. Suppose -3*n - 3*h = -g, h + h = n - 120. What is the hundreds digit of n?
1
Suppose 5*p - 15 + 5 = 0. What is the units digit of (1 + 174)/5 - p?
3
Suppose 20 = 5*k, -5*k + 28 = 4*i - 0*k. Suppose -16 = -i*j + 116. Let r = j - 45. What is the units digit of r?
1
Suppose -38*u + 9764 = -724. What is the hundreds digit of u?
2
Suppose -16 = -2*s - v, s + 4*v + 2 = -4. Suppose 5*u = s*u - 1110. What is the units digit of u?
2
Suppose p + 2*p = -114. Let z = p - -58. What is the tens digit of (-4)/(2/z*-2)?
2
Suppose -2 = w + s + 6, 0 = -5*w - 4*s - 36. Let j = w + 7. Suppose 4*l + 0*l - 12 = 0, p - 5*l + j = 0. What is the tens digit of p?
1
Let y(q) = -3*q**3 + q**2 + q + 1. Suppose -3*f + f = -4. Let i be (-1)/(1*f/2). What is the units digit of y(i)?
4
Let m(w) = 469*w**2 - 9*w - 20. What is the units digit of m(-3)?
8
Suppose 0 = -35*h + 29*h + 30. Suppose 0 = -s + 4*s + 3*q - 576, -3*s + 560 = -h*q. What is the hundreds digit of s?
1
Suppose 10*d - 20 = 6*d. Suppose -k = -5*g + 2, 3*k + 70 = 8*k - d*g. What is the units digit of ((-9)/k)/((-2)/56)?
4
Let w(o) = o**2 + 13*o - 423. What is the units digit of w(39)?
5
Let f(o) = -12*o**3 - 4*o**2 + o - 4. Let l be f(3). Let u = -258 - l. What is the units digit of u?
3
Let i = 14 - 14. Let z = -33 - -33. Suppose z*m - 28 = -o + m, i = 4*m. What is the units digit of o?
8
Suppose -4 = -3*f + f + 2*z, 6 = -f - 3*z. Let k(u) = 10 + 9 - u**2 + u - 3. What is the tens digit of k(f)?
1
Let l(f) = -6*f + 234. What is the tens digit of l(-12)?
0
Suppose q - 181 = -5*o + 179, -4*o + 1424 = 4*q. What is the tens digit of q?
5
Let c(u) = 50*u**2 + 13*u - 48. What is the units digit of c(3)?
1
What is the hundreds digit of ((-3)/(-3))/(-2)*-934?
4
Let j = -4 + 8. Suppose -2*h = c - 13, -28 = -2*c - 2*h - h. Suppose j*d - 119 = c. What is the tens digit of d?
3
Suppose 4*d - 4*o - 224 = -0*d, 5*d - 288 = 3*o. Suppose 6*t = 3*t - d. What is the tens digit of 194/18 - t/90?
1
Suppose 3*g = -5*g - 208. Let z be 61/(-9) - (-2)/(-9). Let c = z - g. What is the units digit of c?
9
Let v(r) = 573*r**2 - r. What is the tens digit of v(1)?
7
Let q(c) = -7*c - 17. Suppose -5*b + d - 36 - 17 = 0, 4*b + d + 46 = 0. What is the units digit of q(b)?
0
Suppose 4*o - 7 - 5 = 0. Suppose 2*w + 5*x = -2*w + 283, -3*w - o*x + 213 = 0. What is the tens digit of w?
7
Suppose -2*n - 4*c = -36, 4*n - 2*c = -9 + 51. Let u be 143 + (5 - 2 - 5). What is the tens digit of (-8)/(-2)*u/n?
4
Suppose 2*n - 6*n + 16 = 0. Suppose -n*j = j - 320. Suppose b = 3, 3*u - 38 = -5*b + j. What is the tens digit of u?
2
Suppose -4*j - 3*m + 2*m = -10, -2*j = 3*m - 10. Suppose -5*u + 11 = -2*k - 30, -5*k - 29 = -j*u. What is the units digit of u?
7
Let o(x) = -x**3 + 14*x**2 + x + 9. Let p be o(15). Let y = -131 - p. What is the units digit of y?
0
Let n = -651 + 853. What is the units digit of n?
2
Suppose 15*c - 19*c = -156. Let i = 10 + -18. What is the units digit of (c/12)/((-1)/i)?
6
Let a(r) = -16*r**3 - 5*r**2 + 2*r - 72. What is the tens digit of a(-7)?
5
Suppose 3*r - 69 = -2*w + 172, -2*w = -2*r - 236. Let f = w - 63. What is the units digit of f?
6
Suppose -12904 = -31*d - 256. What is the tens digit of d?
0
Let x be ((-1)/2)/(4/24). Let j = x - -5. Suppose -3*f = -j*p - 4*f + 18, -2*p = 3*f - 26. What is the units digit of p?
7
Let j = -1296 + 2374. What is the units digit of j?
8
Let u = 5773 + -3717. What is the tens digit of u?
5
Let j(m) = 29*m**3 - 5*m**2 - 2*m + 39. What is the tens digit of j(5)?
2
Suppose 0 = y + 3*y. Suppose -7*f + 2*f + 115 = y. What is the tens digit of f?
2
Let z be (2 - -1)/((-2)/(-12)). Let g = 56 - 16. Let v = g - z. What is the tens digit of v?
2
Suppose r + 10 = -4*g, 5*r + 3*g = 6*g - 4. Let s be (-2 - 6/r) + 4. Let m = 45 - s. What is the tens digit of m?
4
Let g(b) = b + 1. Let q(u) = -u**2 - 5*u - 7. Let l(f) = 2*g(f) - q(f). What is the tens digit of l(-12)?
6
Let r(m) be the first derivative of -m**2/2 + 6. Let y be r(-4). Suppose 2*b + 66 = 2*a - 0*a, 0 = -3*a + y*b + 99. What is the tens digit of a?
3
Let a(p) = p**3 + 21*p**2 - 28*p - 11. Let h be 2568/(-120) - 6/10. What is the hundreds digit of a(h)?
1
Let o(m) be the second derivative of 1/12*m**4 + 0 + 3/2*m**3 + m + 0*m**2. What is the units digit of o(-10)?
0
Let m = 2653 + -1839. What is the hundreds digit of m?
8
Let k(r) = 16*r**3 + 7*r**2 + 2*r - 6. What is the tens digit of k(3)?
9
Let d = -101 + 469. What is the tens digit of d?
6
Let p(w) = 579*w - 67. What is the units digit of p(2)?
1
Suppose 5*m - 1142 + 181 = -3*b, -4*m - 326 = -b. What is the hundreds digit of b?
3
Suppose 6 = -c + 18. Let i = 6 - 4. Suppose i*u = 10 + c. What is the tens digit of u?
1
Let q(p) = -p + 13. Let j be q(10). Suppose g - 6*g - 143 = j*t, -5*g = t + 61. What is the units digit of -2*3/6*t?
1
Let u(w) = 47*w + 44. Let j be u(9). Suppose 5*t = 3*s + j + 591, 0 = 2*t - 5*s - 408. What is the tens digit of t?
1
Let s be (1 + 0)/((-7)/(-14)). Suppose -5*l - y + 16 = -121, 0 = y - s. What is the tens digit of l?
2
Let t(l) = -l**3 - 19*l**2 - 3*l - 16. Suppose 78 = -5*i - 17. What is the tens digit of t(i)?
4
Let g be 1/(-3) + 10/3. Let y be (-9)/g*-1 + 2. Suppose -l + 2*a = -20 - y, a + 4 = 0. What is the tens digit of l?
1
Let n(g) = 21 - 3*g**2 - 2*g**2 + 9 + 18*g + 4*g**2. What is the tens digit of n(15)?
7
Let z(y) = -45*y + 42. Let v be z(6). Let u = v + 432. What is the units digit of u?
4
Let i = -24 - -18. Let a = i + 42. What is the tens digit of a?
3
Let h(g) be the second derivative of g**5/20 + g**4/2 - g**3/2 - 2*g**2 + 2*g. Let c(x) = -5*x - 25. Let i be c(-4). What is the tens digit of h(i)?
3
Suppose 379 = h + 4*k, 4*k - 194 = 4*h - 1670. What is the hundreds digit of h?
3
Suppose -3*u = 2*u - 2*b - 2669, 0 = -5*u + 3*b + 2671. What is the tens digit of u?
3
Let d = 424 - -157. What is the units digit of d?
1
Let t = -1 - -6. Suppose 3*l - 4 = -p, -3 + 0 = 2*p - t*l. What is the tens digit of ((-2)/4)/(p/(-22))?
1
Let t = -175 - -355. Suppose 0 = 3*l - 8*l + t. What is the tens digit of l?
3
Let w = 899 + -140. What is the units digit of w?
9
Let q be (6/(-5))/((-72)/(-240)). Let h(m) = 12*m + 12. Let r be h(q). Let a = -21 - r. What is the tens digit of 